 + -7))) + -13?
5
What is (24 - (14 + (6 - 8))) + 2?
14
Calculate (-5 - (-9 + 2 + -3)) + -30.
-25
What is the value of 2 - -4 - (-8 + (-2 - -6) - -2)?
8
Calculate -8 + (-11 - (-3 + 2 + -2 + -3)).
-13
What is -8 + (6 - 1) + (-7 - 0)?
-10
Calculate (38 - 36) + 3 + -5.
0
What is 25 + (-14 + 14 - 13)?
12
What is 12 + (-16 - (27 + -15))?
-16
What is -6 - (-12 + 5 + -7)?
8
Calculate 2 - 21 - (-226 - -219).
-12
Evaluate 11 + (-17 - -11) + -4.
1
Calculate 15 + 16 + -16 + -14.
1
Calculate -136 + 144 + (1 - -11).
20
What is the value of 1 - (24 - 11) - (1 + -7) - 7?
-13
What is -3 + -5 + -4 - (4 + -9)?
-7
(-1 - 2) + 4 - (-17 + 39 + -10)
-11
-3 + (17 - ((5 - -3) + 1))
5
Calculate -5 + (83 - 79 - (11 + -1)).
-11
What is the value of 6 - 14 - (-14 - (9 + -16))?
-1
What is 9 + (15 - (12 - -4))?
8
What is (6 - 2) + 10 + -22 + -5?
-13
Calculate 5 - 17 - ((-6 - -4) + (-1 - 1)).
-8
Calculate -26 - -5 - (-2 - 0).
-19
Evaluate (-33 - -39) + (-1 - -4) + (4 - 4).
9
Evaluate 2 + -29 + (9 - (3 - 2)).
-19
Evaluate 13 + 0 - 0 - (12 + -2).
3
What is (-119 - -122) + -7 + 2?
-2
(1 + 0 - 3) + 0 - (760 + -773)
11
Calculate (28 - (-18 - -55) - (-1 - 20)) + -3.
9
What is -13 - 0 - (-19 - -12)?
-6
Calculate 0 + 7 - (-7 + -5 + 14 + -4).
9
Evaluate (12 - (52 - 20)) + -7.
-27
Calculate -2 + (-4 - 0) + (23 + -11 - 17).
-11
What is the value of 4 - (5 + -18 + 10)?
7
Calculate 1 - 3 - (15 + (17 - 37)) - -6.
9
Evaluate -24 + 75 - 18 - 12.
21
What is 3 + -12 - (46 + -69)?
14
Evaluate 16 + (-28 - (-2 + -6)).
-4
What is the value of (-2 - 20 - -2 - -6) + 3 + 4?
-7
Evaluate -35 + -20 - -62 - (-2 + (0 - -41)).
-32
What is (-24 - (44 - 31)) + 67?
30
What is -6 - (-16 - (12 + -17))?
5
What is (1 - -1) + (13 - ((4 - -19) + -7))?
-1
Calculate (5 - 1) + (43 - (92 + -42)).
-3
What is the value of 0 - -2 - (-16 + 27)?
-9
Calculate -20 - (-14 + -10 - 10).
14
Evaluate (-16 - (16 - 16)) + 11 + 5 + 1.
1
What is the value of 2 - ((-6 - -14) + -8) - 5?
-3
Calculate 4 - (-6 - (5 + -18)).
-3
1 + -6 - (-17 - (-76 - -49))
-15
What is the value of 12 + (-46 - (9 - 40))?
-3
What is -1 - 6 - (13 + 3 + -23 - 0)?
0
What is the value of 1 - 11 - (5 - (-5 + 18))?
-2
What is (-34 - (-17 - -2)) + 17?
-2
What is (-3 - 5 - (-3 + 2)) + 8?
1
Evaluate 6 - (-4 - (3 + 12 + -8)).
17
Calculate -13 + -11 + -2 + 57 - 12.
19
What is (22 + 1 - (31 - (-11 + 53))) + -4?
30
-31 - (1 + -5) - (-298 - -285)
-14
1 + -3 + 10 - (-4 - -31)
-19
-5 + 6 + 2 - 3 - 11
-11
Evaluate -10 + (22 - 3 - -3).
12
Evaluate 7 + (8 - 14 - 1 - -6).
6
What is the value of (38 + -53 - -42) + -46?
-19
-21 + 59 - -8 - 26
20
Calculate (-30 - (-10 - -10)) + 13.
-17
Evaluate -34 + (33 - 14) - (4 + -1).
-18
18 + 6 + (-28 - -3)
-1
What is 0 + 12 + -1 - 9?
2
Calculate 1 - (5 + (-7 - (11 + -9))).
5
Evaluate 43 + (32 - (26 + 35)).
14
What is the value of 8 - (-9 - -25) - -7?
-1
Evaluate -20 + 21 + -22 - -14.
-7
What is the value of 1035 - 1030 - (1 + (1 - 0))?
3
36 - 4 - 12 - (1 - 4)
23
What is (-25 - -14) + (-2 - 5) + 10?
-8
(-6 - -14) + -32 - (-14 + (2 - -12))
-24
What is the value of (35 - 34) + (-4 - 14)?
-17
(14 - -48) + -51 + -9 + (0 - 2)
0
Calculate -11 - (0 - -12 - 23).
0
What is the value of (41 - 31 - -3) + -2 + -1?
10
What is the value of 0 + 2 + -3 + 24 + -22?
1
What is the value of 29 + (-31 - (-11 + 6))?
3
What is the value of 8 + 3 + 1 - 16 - (1 - 27)?
22
What is (4 - 8) + -7 - -18?
7
(3 - -15 - 17) + (-2 - 4)
-5
Calculate -12 - (-52 - -47 - (-12 - 0) - 4).
-15
-7 + 0 + (-1 - -2) - (389 + -404)
9
-10 - (17 - 12 - 7)
-8
What is the value of 196 + -211 + 0 + -2 + -2 + 9?
-10
Evaluate (0 - 33) + (11 + -29 - -22) - -7.
-22
What is 159 + -155 + (9 - -4)?
17
-4 + 3 + 1 - (-10 + (-5 - -6))
9
-13 - -4 - -12 - 6
-3
What is -4 + (22 - (-7 - (-2 - 9)))?
14
15 - (-16 - -8) - 14 - 16
-7
What is (-24 - -66) + -45 - (-1 + 4)?
-6
19 + -5 + -10 + -2 + -5 + 12
9
Evaluate -1 - 5 - (29 + -18 + -7).
-10
(-1 - (0 + -2)) + (-2 - (-2 + 13))
-12
What is 10 + -3 + 8 - 11 - -2?
6
10 - (20 - (14 + 7))
11
What is the value of -1 + 3 + 0 + 0 + (1143 - 1144)?
1
What is the value of -6 - (3 + 16 + (3 - 11))?
-17
-1 + 1 + 2 + (27 - (27 + -10))
12
What is the value of 21 + (-19 - -21 - 14)?
9
What is the value of -9 + 15 + (-2 - 3) - -13?
14
Calculate (-4 - -4) + (-12 - 2 - -13).
-1
What is 304 + -298 - (2 + -1 + -1 + 4)?
2
(19 - 8) + -11 + -3 + (21 - 0)
18
What is the value of 0 + 13 + 1 - (2120 + -2117)?
11
-12 - 1 - (-4 + -4 - (-11 + 3))
-13
What is the value of 55 + -47 + (-2 + 10 - 0) - 2?
14
What is 21 - (-10 + (-14 - -39))?
6
What is the value of 32 + 12 + -60 + (1 - 5)?
-20
-2 + 8 + -17 + 4 + (19 - -3)
15
-193 + 189 + (-1 - -13)
8
What is (2 + 11 - 15) + 13?
11
Calculate -1 + 0 + 5 - (0 + 0).
4
What is the value of 10 + (-17 + -2 - -2) - 16?
-23
What is the value of (4 - (5 + 1)) + (1 - 0) + 2?
1
What is (3 - (4 - 1) - (-26 + 29)) + -15?
-18
Calculate -3 + (18 - (-16 - -30)).
1
What is 242 - 246 - (-1 - (-3 + 2 + -2))?
-6
Evaluate -8 + (5 - (0 + -7 - -1)) - -15.
18
What is the value of 42 + 5 + -8 + -25?
14
Calculate 0 + 0 + -2 + (-19 - -28).
7
20 - (-8 + 26 + -8)
10
What is the value of 7 + -4 + (-11 - -10)?
2
828 - 801 - (0 - -20)
7
What is (1 + -2 - (-20 - 13 - -14)) + -10?
8
What is the value of 50 + -53 + 5 + -1 + -9?
-8
What is -15 + (13 - (4 + 0))?
-6
Calculate -558 + 561 + 1 + 0 + -6.
-2
What is the value of -19 + 9 - (-31 + 21)?
0
14 - (7 - -7 - 6)
6
What is (-19 - -3 - -23) + (-9 - -1)?
-1
31 + (-51 - -25) - (2 - 1 - -20)
-16
Evaluate -16 + 11 + 10 - (-13 + 4).
14
(6 - (-2 + 5 + 6)) + -11 + 4
-10
Calculate 11 + -22 - -17 - 13.
-7
Evaluate 1 + (9 - 18) + 1.
-7
Evaluate 7 + -6 + (-19 - -3).
-15
Evaluate 8 - ((20 - 6) + -29).
23
What is (-1 - 0 - -6) + 82 + -75?
12
Evaluate 2 + 1 + (210 - 221).
-8
What is the value of (-651 - -647) + (0 - -1) + (1 - -1)?
-1
Evaluate -2 + 3 + 5 - (3 - 0).
3
(27 - 52) + (12 - 3 - 7)
-23
Evaluate 2 - (3 + (10 - (-4 + 9))).
-6
What is the value of 26 + (18 - 36) - 25?
-17
Calculate -1 - 0 - 0 - (-35 - 1 - -25).
10
(-11 - -23 - 8) + -16
-12
Evaluate 12 + (20 + -16 - 11).
5
What is -11 - (-13 + 5 - 0)?
-3
What is the value of (1 - 16) + (20 - 70 - -64)?
-1
Evaluate -22 - -42 - (-5 + 28).
-3
What is (-35 - 1) + (1080 - 1058)?
-14
What is the value of (22 - (15 + -19)) + -5?
21
Evaluate 10 - (-1 + (-7 - (-4 - (-6 + 1)))).
19
Evaluate 10 - -1 - (29 + -3).
-15
-5 - 3 - (-8 + -19 + 13)
6
-6 + (13 + -1 + 56 + -51 - 11)
0
7 - (17 - (-7 + 17 + (-11 - -11)))
0
(19 - 8) + 5 + (0 - 8)
8
What is the value of 46 - (27 - (-3 + 3))?
19
What is 39 + -36 - (1 + 3 + -6) - 3?
2
What is the value of -1 - 0 - (-130 - -138) - -4?
-5
Evaluate -6 + 4 + 3 + -2 + 0 - -5.
4
Calculate -18 - (1 + -2 - 13).
-4
Evaluate -6 + (-31 + 28 - (-2 + 3 - -1)).
-11
What is the value of (-11 - (-1 + 1)) + -29 + 29?
-11
2 + -15 + -3 + -4 + 6
-14
What is (26 - 2) + (-282 - -270)?
12
-2 - (-28 - (3 + -7) - -7)
15
6 - 9 - (21 + (-11 - -5))
-18
Calculate (0 - -3) + (16 - 16 - -6).
9
Calculate (-13 + 11 - -5) + (3 - 1) + -1.
4
Calculate 2 + -13 + 6 + 22.
17
What is the value of (-30 - -24) + -44 + 38?
-12
What is -42 + (-129 - -129) + 7 + 1?
-34
7 - (1 + (7 - 8) + 1)
6
Evaluate -3 - (-1 - (19 - 14)).
3
What is (0 - -9) + (-28 + 5 - (-18 + 37))?
-33
What is -10 + (7 - -26) - 17?
6
What is 1 + -13 + (-19 - -7) + 20?
-4
Calculate 5 + (2 + (3 - -3) - 8).
5
What is the value of (-2 - (-8 + 2)) + -11 + 0?
-7
13 - (23 + (-1 - -1))
-10
Calculate 8 + (-3 - 8 - (-11 + 4)) - 2.
2
(12 - (-17 + 30)) + 1 - -7
7
Calculate -9 - (-12 - ((12 - 10) + -3)).
2
What is the value of (-26 - (22 - 39) - -11) + (1 - -12)?
15
What is -1 + -3 + -37 + -22 + 0 + 30?
-33
What is the value of (-40 - -60) + 50 - 37?
33
(-10 - -11) + (-2 - 11) + 2
-10
Evaluate (25 + 2 - 6) + (148 - 163).
6
What is -8 + 0 + 4 + 15 - 4?
7
Evaluate -4 - -3 - ((19 - (-9 - -5)) + -2).
-22
-7 - (0 + -12 - (9 + 7 + -19))
2
What is (-99 - -95) + 12 + -2?
6
What is -9 - (5 - 0 - 6) - 3?
-11
What is (26 - (-102 + 126)) + -1 + 18?
19
What is the value of -2 + -2 + (16 - 9 - 10)?
-7
-3 - ((4 - 1) + -41 + 39)
-4
What is (11 - 29) + (5 - 1 - (-34 + 38))?
-18
Evaluate -3 + 0 + -6 - (39 - 32).
-16
What is -90 + 88 + 0 + -3 + 13 + -9?
-1
Calculate -5 + 0 + (-1 - (12 + 4 + -6)).
-16
What is the value of (-29 - -24) + 0 + -4 + 19?
10
Calculate 4 + (17 